{"id":141,"date":"2015-12-08T20:01:28","date_gmt":"2015-12-08T19:01:28","guid":{"rendered":"http:\/\/sac-homberg.ch\/wordpress\/?page_id=141"},"modified":"2025-11-14T17:42:23","modified_gmt":"2025-11-14T16:42:23","slug":"die-jo","status":"publish","type":"page","link":"https:\/\/sac-homberg.ch\/wordpress\/sektion-homberg\/die-jo\/","title":{"rendered":"Die JO"},"content":{"rendered":"<figure id=\"attachment_149\" aria-describedby=\"caption-attachment-149\" style=\"width: 300px\" class=\"wp-caption alignleft\"><a href=\"https:\/\/i0.wp.com\/sac-homberg.ch\/wordpress\/wp-content\/uploads\/2015\/12\/IMG_6755.jpg?ssl=1\"><img data-recalc-dims=\"1\" loading=\"lazy\" decoding=\"async\" class=\"size-medium wp-image-149\" src=\"https:\/\/i0.wp.com\/sac-homberg.ch\/wordpress\/wp-content\/uploads\/2015\/12\/IMG_6755.jpg?resize=300%2C200&#038;ssl=1\" alt=\"Klettern um die Windg\u00e4llenh\u00fctte\" width=\"300\" height=\"200\" data-wp-pid=\"149\" srcset=\"https:\/\/i0.wp.com\/sac-homberg.ch\/wordpress\/wp-content\/uploads\/2015\/12\/IMG_6755.jpg?resize=300%2C200&amp;ssl=1 300w, https:\/\/i0.wp.com\/sac-homberg.ch\/wordpress\/wp-content\/uploads\/2015\/12\/IMG_6755.jpg?w=800&amp;ssl=1 800w\" sizes=\"auto, (max-width: 300px) 100vw, 300px\" \/><\/a><figcaption id=\"caption-attachment-149\" class=\"wp-caption-text\">Klettern um die Windg\u00e4llenh\u00fctte<\/figcaption><\/figure>\n<p>Powderabfahrten an Freeridewochenenden, griffiger Fels im Kletterlager, sch\u00f6nste Sonnenaufg\u00e4nge auf Hochtouren, unber\u00fchrter Tiefschnee auf Skitouren oder gem\u00fctliche Fondueabende im Clubh\u00e4uschen \u2013 wenn dir das gef\u00e4llt oder du ebenfalls solche Momente erleben m\u00f6chtest dann bist du bei uns richtig.<br \/>\nWir von der JO \u2013 der Jugendorganisation des SAC-Homberg &#8211; bieten dir die M\u00f6glichkeit mit gleichaltrigen im Alter von 10-22 Jahren die Berge kennenzulernen. Wir zeigen dir, wie du dich sicher in alpinem Gel\u00e4nde bewegst, wie du einen Freund oder eine Freundin beim Klettern sicherst oder wie du am einfachsten durch kniehohen Pulverschnee f\u00e4hrst, ohne dich st\u00e4ndig selbst auszugraben.<br \/>\nAm Ende bist du ein verantwortungsvoller junger Bergsteiger, der vielleicht selbst eine Gruppe leiten kann oder einen eigene Tour anbietet.<br \/>\nAnsprechperson:<br \/>\n<a href=\"mailto:marco.stadelmann96@gmail.com\">Marco Stadelmann<\/a><br \/>\nTel. 076 604 56 17<\/p>\n<div id='gallery-1' class='gallery galleryid-141 gallery-columns-1 gallery-size-large'><figure class='gallery-item'>\n\t\t\t<div class='gallery-icon landscape'>\n\t\t\t\t<a href='https:\/\/sac-homberg.ch\/wordpress\/sektion-homberg\/die-jo\/lwk_spitzmeilen_0014\/'><img loading=\"lazy\" decoding=\"async\" width=\"604\" height=\"453\" src=\"https:\/\/i0.wp.com\/sac-homberg.ch\/wordpress\/wp-content\/uploads\/2015\/12\/lwk_spitzmeilen_0014.jpg?fit=604%2C453&amp;ssl=1\" class=\"attachment-large size-large\" alt=\"Lawinenkurs Spitzmeilen\" aria-describedby=\"gallery-1-142\" srcset=\"https:\/\/i0.wp.com\/sac-homberg.ch\/wordpress\/wp-content\/uploads\/2015\/12\/lwk_spitzmeilen_0014.jpg?w=1024&amp;ssl=1 1024w, https:\/\/i0.wp.com\/sac-homberg.ch\/wordpress\/wp-content\/uploads\/2015\/12\/lwk_spitzmeilen_0014.jpg?resize=300%2C225&amp;ssl=1 300w, https:\/\/i0.wp.com\/sac-homberg.ch\/wordpress\/wp-content\/uploads\/2015\/12\/lwk_spitzmeilen_0014.jpg?resize=800%2C600&amp;ssl=1 800w\" sizes=\"auto, (max-width: 604px) 100vw, 604px\" \/><\/a>\n\t\t\t<\/div>\n\t\t\t\t<figcaption class='wp-caption-text gallery-caption' id='gallery-1-142'>\n\t\t\t\tLawinenkurs Spitzmeilen\n\t\t\t\t<\/figcaption><\/figure><figure class='gallery-item'>\n\t\t\t<div class='gallery-icon landscape'>\n\t\t\t\t<a href='https:\/\/sac-homberg.ch\/wordpress\/sektion-homberg\/die-jo\/soerenberg_0034\/'><img loading=\"lazy\" decoding=\"async\" width=\"604\" height=\"403\" src=\"https:\/\/i0.wp.com\/sac-homberg.ch\/wordpress\/wp-content\/uploads\/2015\/12\/s%C3%B6renberg_0034.jpg?fit=604%2C403&amp;ssl=1\" class=\"attachment-large size-large\" alt=\"S\u00f6renberg\" aria-describedby=\"gallery-1-143\" \/><\/a>\n\t\t\t<\/div>\n\t\t\t\t<figcaption class='wp-caption-text gallery-caption' id='gallery-1-143'>\n\t\t\t\tS\u00f6renberg\n\t\t\t\t<\/figcaption><\/figure><figure class='gallery-item'>\n\t\t\t<div class='gallery-icon landscape'>\n\t\t\t\t<a href='https:\/\/sac-homberg.ch\/wordpress\/sektion-homberg\/die-jo\/mtv15_0044\/'><img loading=\"lazy\" decoding=\"async\" width=\"604\" height=\"453\" src=\"https:\/\/i0.wp.com\/sac-homberg.ch\/wordpress\/wp-content\/uploads\/2015\/12\/mtv15_0044.jpg?fit=604%2C453&amp;ssl=1\" class=\"attachment-large size-large\" alt=\"Spielen am Bach\" aria-describedby=\"gallery-1-144\" srcset=\"https:\/\/i0.wp.com\/sac-homberg.ch\/wordpress\/wp-content\/uploads\/2015\/12\/mtv15_0044.jpg?w=1024&amp;ssl=1 1024w, https:\/\/i0.wp.com\/sac-homberg.ch\/wordpress\/wp-content\/uploads\/2015\/12\/mtv15_0044.jpg?resize=300%2C225&amp;ssl=1 300w, https:\/\/i0.wp.com\/sac-homberg.ch\/wordpress\/wp-content\/uploads\/2015\/12\/mtv15_0044.jpg?resize=800%2C600&amp;ssl=1 800w\" sizes=\"auto, (max-width: 604px) 100vw, 604px\" \/><\/a>\n\t\t\t<\/div>\n\t\t\t\t<figcaption class='wp-caption-text gallery-caption' id='gallery-1-144'>\n\t\t\t\tSpielen am Bach\n\t\t\t\t<\/figcaption><\/figure><figure class='gallery-item'>\n\t\t\t<div class='gallery-icon landscape'>\n\t\t\t\t<a href='https:\/\/sac-homberg.ch\/wordpress\/sektion-homberg\/die-jo\/saeli_0006\/'><img loading=\"lazy\" decoding=\"async\" width=\"604\" height=\"403\" src=\"https:\/\/i0.wp.com\/sac-homberg.ch\/wordpress\/wp-content\/uploads\/2015\/12\/saeli_0006.jpg?fit=604%2C403&amp;ssl=1\" class=\"attachment-large size-large\" alt=\"Klettern im S\u00e4li\" aria-describedby=\"gallery-1-145\" srcset=\"https:\/\/i0.wp.com\/sac-homberg.ch\/wordpress\/wp-content\/uploads\/2015\/12\/saeli_0006.jpg?w=1024&amp;ssl=1 1024w, https:\/\/i0.wp.com\/sac-homberg.ch\/wordpress\/wp-content\/uploads\/2015\/12\/saeli_0006.jpg?resize=300%2C200&amp;ssl=1 300w, https:\/\/i0.wp.com\/sac-homberg.ch\/wordpress\/wp-content\/uploads\/2015\/12\/saeli_0006.jpg?resize=800%2C534&amp;ssl=1 800w\" sizes=\"auto, (max-width: 604px) 100vw, 604px\" \/><\/a>\n\t\t\t<\/div>\n\t\t\t\t<figcaption class='wp-caption-text gallery-caption' id='gallery-1-145'>\n\t\t\t\tKlettern im S\u00e4li\n\t\t\t\t<\/figcaption><\/figure><figure class='gallery-item'>\n\t\t\t<div class='gallery-icon landscape'>\n\t\t\t\t<a href='https:\/\/sac-homberg.ch\/wordpress\/sektion-homberg\/die-jo\/egerkingen_0011\/'><img loading=\"lazy\" decoding=\"async\" width=\"604\" height=\"453\" src=\"https:\/\/i0.wp.com\/sac-homberg.ch\/wordpress\/wp-content\/uploads\/2015\/12\/egerkingen_0011.jpg?fit=604%2C453&amp;ssl=1\" class=\"attachment-large size-large\" alt=\"Egerkinger Platte\" aria-describedby=\"gallery-1-146\" srcset=\"https:\/\/i0.wp.com\/sac-homberg.ch\/wordpress\/wp-content\/uploads\/2015\/12\/egerkingen_0011.jpg?w=1024&amp;ssl=1 1024w, https:\/\/i0.wp.com\/sac-homberg.ch\/wordpress\/wp-content\/uploads\/2015\/12\/egerkingen_0011.jpg?resize=300%2C225&amp;ssl=1 300w, https:\/\/i0.wp.com\/sac-homberg.ch\/wordpress\/wp-content\/uploads\/2015\/12\/egerkingen_0011.jpg?resize=800%2C600&amp;ssl=1 800w\" sizes=\"auto, (max-width: 604px) 100vw, 604px\" \/><\/a>\n\t\t\t<\/div>\n\t\t\t\t<figcaption class='wp-caption-text gallery-caption' id='gallery-1-146'>\n\t\t\t\tEgerkinger Platte\n\t\t\t\t<\/figcaption><\/figure><figure class='gallery-item'>\n\t\t\t<div class='gallery-icon landscape'>\n\t\t\t\t<a href='https:\/\/sac-homberg.ch\/wordpress\/sektion-homberg\/die-jo\/mettmen_0075-2\/'><img loading=\"lazy\" decoding=\"async\" width=\"604\" height=\"403\" src=\"https:\/\/i0.wp.com\/sac-homberg.ch\/wordpress\/wp-content\/uploads\/2015\/12\/mettmen_0075.jpg?fit=604%2C403&amp;ssl=1\" class=\"attachment-large size-large\" alt=\"Mettmenalp\" aria-describedby=\"gallery-1-147\" srcset=\"https:\/\/i0.wp.com\/sac-homberg.ch\/wordpress\/wp-content\/uploads\/2015\/12\/mettmen_0075.jpg?w=1024&amp;ssl=1 1024w, https:\/\/i0.wp.com\/sac-homberg.ch\/wordpress\/wp-content\/uploads\/2015\/12\/mettmen_0075.jpg?resize=300%2C200&amp;ssl=1 300w, https:\/\/i0.wp.com\/sac-homberg.ch\/wordpress\/wp-content\/uploads\/2015\/12\/mettmen_0075.jpg?resize=800%2C534&amp;ssl=1 800w\" sizes=\"auto, (max-width: 604px) 100vw, 604px\" \/><\/a>\n\t\t\t<\/div>\n\t\t\t\t<figcaption class='wp-caption-text gallery-caption' id='gallery-1-147'>\n\t\t\t\tMettmenalp\n\t\t\t\t<\/figcaption><\/figure><figure class='gallery-item'>\n\t\t\t<div class='gallery-icon landscape'>\n\t\t\t\t<a href='https:\/\/sac-homberg.ch\/wordpress\/sektion-homberg\/die-jo\/hallwilersee_0068\/'><img loading=\"lazy\" decoding=\"async\" width=\"604\" height=\"403\" src=\"https:\/\/i0.wp.com\/sac-homberg.ch\/wordpress\/wp-content\/uploads\/2015\/12\/hallwilersee_0068.jpg?fit=604%2C403&amp;ssl=1\" class=\"attachment-large size-large\" alt=\"Hochtourenkurs Bl\u00fcemlisalpfirn\" aria-describedby=\"gallery-1-148\" srcset=\"https:\/\/i0.wp.com\/sac-homberg.ch\/wordpress\/wp-content\/uploads\/2015\/12\/hallwilersee_0068.jpg?w=1024&amp;ssl=1 1024w, https:\/\/i0.wp.com\/sac-homberg.ch\/wordpress\/wp-content\/uploads\/2015\/12\/hallwilersee_0068.jpg?resize=300%2C200&amp;ssl=1 300w, https:\/\/i0.wp.com\/sac-homberg.ch\/wordpress\/wp-content\/uploads\/2015\/12\/hallwilersee_0068.jpg?resize=800%2C534&amp;ssl=1 800w\" sizes=\"auto, (max-width: 604px) 100vw, 604px\" \/><\/a>\n\t\t\t<\/div>\n\t\t\t\t<figcaption class='wp-caption-text gallery-caption' id='gallery-1-148'>\n\t\t\t\tHochtourenkurs Bl\u00fcemlisalpfirn\n\t\t\t\t<\/figcaption><\/figure>\n\t\t<\/div>\n\n","protected":false},"excerpt":{"rendered":"<p>Powderabfahrten an Freeridewochenenden, griffiger Fels im Kletterlager, sch\u00f6nste Sonnenaufg\u00e4nge auf Hochtouren, unber\u00fchrter Tiefschnee auf Skitouren oder gem\u00fctliche Fondueabende im Clubh\u00e4uschen \u2013 wenn dir das gef\u00e4llt oder du ebenfalls solche Momente erleben m\u00f6chtest dann bist du bei uns richtig. Wir von der JO \u2013 der Jugendorganisation des SAC-Homberg &#8211; bieten dir die M\u00f6glichkeit mit gleichaltrigen im &hellip; <a href=\"https:\/\/sac-homberg.ch\/wordpress\/sektion-homberg\/die-jo\/\" class=\"more-link\"><span class=\"screen-reader-text\">Die JO<\/span> weiterlesen <span class=\"meta-nav\">&rarr;<\/span><\/a><\/p>\n","protected":false},"author":1,"featured_media":0,"parent":2,"menu_order":0,"comment_status":"closed","ping_status":"closed","template":"","meta":{"_monsterinsights_skip_tracking":false,"_monsterinsights_sitenote_active":false,"_monsterinsights_sitenote_note":"","_monsterinsights_sitenote_category":0,"jetpack_post_was_ever_published":false,"footnotes":""},"class_list":["post-141","page","type-page","status-publish","hentry"],"jetpack_shortlink":"https:\/\/wp.me\/P772lX-2h","jetpack_sharing_enabled":true,"_links":{"self":[{"href":"https:\/\/sac-homberg.ch\/wordpress\/wp-json\/wp\/v2\/pages\/141","targetHints":{"allow":["GET"]}}],"collection":[{"href":"https:\/\/sac-homberg.ch\/wordpress\/wp-json\/wp\/v2\/pages"}],"about":[{"href":"https:\/\/sac-homberg.ch\/wordpress\/wp-json\/wp\/v2\/types\/page"}],"author":[{"embeddable":true,"href":"https:\/\/sac-homberg.ch\/wordpress\/wp-json\/wp\/v2\/users\/1"}],"replies":[{"embeddable":true,"href":"https:\/\/sac-homberg.ch\/wordpress\/wp-json\/wp\/v2\/comments?post=141"}],"version-history":[{"count":4,"href":"https:\/\/sac-homberg.ch\/wordpress\/wp-json\/wp\/v2\/pages\/141\/revisions"}],"predecessor-version":[{"id":8833,"href":"https:\/\/sac-homberg.ch\/wordpress\/wp-json\/wp\/v2\/pages\/141\/revisions\/8833"}],"up":[{"embeddable":true,"href":"https:\/\/sac-homberg.ch\/wordpress\/wp-json\/wp\/v2\/pages\/2"}],"wp:attachment":[{"href":"https:\/\/sac-homberg.ch\/wordpress\/wp-json\/wp\/v2\/media?parent=141"}],"curies":[{"name":"wp","href":"https:\/\/api.w.org\/{rel}","templated":true}]}}

<figure id="attachment_149" aria-describedby="caption-attachment-149" style="width: 300px" class="wp-caption alignleft"><a href="https://i0.wp.com/sac-homberg.ch/wordpress/wp-content/uploads/2015/12/IMG_6755.jpg?ssl=1"><img data-recalc-dims="1" loading="lazy" decoding="async" class="size-medium wp-image-149" src="https://i0.wp.com/sac-homberg.ch/wordpress/wp-content/uploads/2015/12/IMG_6755.jpg?resize=300%2C200&#038;ssl=1" alt="Klettern um die Windgällenhütte" width="300" height="200" data-wp-pid="149" srcset="https://i0.wp.com/sac-homberg.ch/wordpress/wp-content/uploads/2015/12/IMG_6755.jpg?resize=300%2C200&amp;ssl=1 300w, https://i0.wp.com/sac-homberg.ch/wordpress/wp-content/uploads/2015/12/IMG_6755.jpg?w=800&amp;ssl=1 800w" sizes="auto, (max-width: 300px) 100vw, 300px" /></a><figcaption id="caption-attachment-149" class="wp-caption-text">Klettern um die Windgällenhütte</figcaption></figure>
<p>Powderabfahrten an Freeridewochenenden, griffiger Fels im Kletterlager, schönste Sonnenaufgänge auf Hochtouren, unberührter Tiefschnee auf Skitouren oder gemütliche Fondueabende im Clubhäuschen – wenn dir das gefällt oder du ebenfalls solche Momente erleben möchtest dann bist du bei uns richtig.<br />
Wir von der JO – der Jugendorganisation des SAC-Homberg &#8211; bieten dir die Möglichkeit mit gleichaltrigen im Alter von 10-22 Jahren die Berge kennenzulernen. Wir zeigen dir, wie du dich sicher in alpinem Gelände bewegst, wie du einen Freund oder eine Freundin beim Klettern sicherst oder wie du am einfachsten durch kniehohen Pulverschnee fährst, ohne dich ständig selbst auszugraben.<br />
Am Ende bist du ein verantwortungsvoller junger Bergsteiger, der vielleicht selbst eine Gruppe leiten kann oder einen eigene Tour anbietet.<br />
Ansprechperson:<br />
<a href="mailto:marco.stadelmann96@gmail.com">Marco Stadelmann</a><br />
Tel. 076 604 56 17</p>
<div id='gallery-1' class='gallery galleryid-141 gallery-columns-1 gallery-size-large'><figure class='gallery-item'>
			<div class='gallery-icon landscape'>
				<a href='https://sac-homberg.ch/wordpress/sektion-homberg/die-jo/lwk_spitzmeilen_0014/'><img loading="lazy" decoding="async" width="604" height="453" src="https://i0.wp.com/sac-homberg.ch/wordpress/wp-content/uploads/2015/12/lwk_spitzmeilen_0014.jpg?fit=604%2C453&amp;ssl=1" class="attachment-large size-large" alt="Lawinenkurs Spitzmeilen" aria-describedby="gallery-1-142" srcset="https://i0.wp.com/sac-homberg.ch/wordpress/wp-content/uploads/2015/12/lwk_spitzmeilen_0014.jpg?w=1024&amp;ssl=1 1024w, https://i0.wp.com/sac-homberg.ch/wordpress/wp-content/uploads/2015/12/lwk_spitzmeilen_0014.jpg?resize=300%2C225&amp;ssl=1 300w, https://i0.wp.com/sac-homberg.ch/wordpress/wp-content/uploads/2015/12/lwk_spitzmeilen_0014.jpg?resize=800%2C600&amp;ssl=1 800w" sizes="auto, (max-width: 604px) 100vw, 604px" /></a>
			</div>
				<figcaption class='wp-caption-text gallery-caption' id='gallery-1-142'>
				Lawinenkurs Spitzmeilen
				</figcaption></figure><figure class='gallery-item'>
			<div class='gallery-icon landscape'>
				<a href='https://sac-homberg.ch/wordpress/sektion-homberg/die-jo/soerenberg_0034/'><img loading="lazy" decoding="async" width="604" height="403" src="https://i0.wp.com/sac-homberg.ch/wordpress/wp-content/uploads/2015/12/s%C3%B6renberg_0034.jpg?fit=604%2C403&amp;ssl=1" class="attachment-large size-large" alt="Sörenberg" aria-describedby="gallery-1-143" /></a>
			</div>
				<figcaption class='wp-caption-text gallery-caption' id='gallery-1-143'>
				Sörenberg
				</figcaption></figure><figure class='gallery-item'>
			<div class='gallery-icon landscape'>
				<a href='https://sac-homberg.ch/wordpress/sektion-homberg/die-jo/mtv15_0044/'><img loading="lazy" decoding="async" width="604" height="453" src="https://i0.wp.com/sac-homberg.ch/wordpress/wp-content/uploads/2015/12/mtv15_0044.jpg?fit=604%2C453&amp;ssl=1" class="attachment-large size-large" alt="Spielen am Bach" aria-describedby="gallery-1-144" srcset="https://i0.wp.com/sac-homberg.ch/wordpress/wp-content/uploads/2015/12/mtv15_0044.jpg?w=1024&amp;ssl=1 1024w, https://i0.wp.com/sac-homberg.ch/wordpress/wp-content/uploads/2015/12/mtv15_0044.jpg?resize=300%2C225&amp;ssl=1 300w, https://i0.wp.com/sac-homberg.ch/wordpress/wp-content/uploads/2015/12/mtv15_0044.jpg?resize=800%2C600&amp;ssl=1 800w" sizes="auto, (max-width: 604px) 100vw, 604px" /></a>
			</div>
				<figcaption class='wp-caption-text gallery-caption' id='gallery-1-144'>
				Spielen am Bach
				</figcaption></figure><figure class='gallery-item'>
			<div class='gallery-icon landscape'>
				<a href='https://sac-homberg.ch/wordpress/sektion-homberg/die-jo/saeli_0006/'><img loading="lazy" decoding="async" width="604" height="403" src="https://i0.wp.com/sac-homberg.ch/wordpress/wp-content/uploads/2015/12/saeli_0006.jpg?fit=604%2C403&amp;ssl=1" class="attachment-large size-large" alt="Klettern im Säli" aria-describedby="gallery-1-145" srcset="https://i0.wp.com/sac-homberg.ch/wordpress/wp-content/uploads/2015/12/saeli_0006.jpg?w=1024&amp;ssl=1 1024w, https://i0.wp.com/sac-homberg.ch/wordpress/wp-content/uploads/2015/12/saeli_0006.jpg?resize=300%2C200&amp;ssl=1 300w, https://i0.wp.com/sac-homberg.ch/wordpress/wp-content/uploads/2015/12/saeli_0006.jpg?resize=800%2C534&amp;ssl=1 800w" sizes="auto, (max-width: 604px) 100vw, 604px" /></a>
			</div>
				<figcaption class='wp-caption-text gallery-caption' id='gallery-1-145'>
				Klettern im Säli
				</figcaption></figure><figure class='gallery-item'>
			<div class='gallery-icon landscape'>
				<a href='https://sac-homberg.ch/wordpress/sektion-homberg/die-jo/egerkingen_0011/'><img loading="lazy" decoding="async" width="604" height="453" src="https://i0.wp.com/sac-homberg.ch/wordpress/wp-content/uploads/2015/12/egerkingen_0011.jpg?fit=604%2C453&amp;ssl=1" class="attachment-large size-large" alt="Egerkinger Platte" aria-describedby="gallery-1-146" srcset="https://i0.wp.com/sac-homberg.ch/wordpress/wp-content/uploads/2015/12/egerkingen_0011.jpg?w=1024&amp;ssl=1 1024w, https://i0.wp.com/sac-homberg.ch/wordpress/wp-content/uploads/2015/12/egerkingen_0011.jpg?resize=300%2C225&amp;ssl=1 300w, https://i0.wp.com/sac-homberg.ch/wordpress/wp-content/uploads/2015/12/egerkingen_0011.jpg?resize=800%2C600&amp;ssl=1 800w" sizes="auto, (max-width: 604px) 100vw, 604px" /></a>
			</div>
				<figcaption class='wp-caption-text gallery-caption' id='gallery-1-146'>
				Egerkinger Platte
				</figcaption></figure><figure class='gallery-item'>
			<div class='gallery-icon landscape'>
				<a href='https://sac-homberg.ch/wordpress/sektion-homberg/die-jo/mettmen_0075-2/'><img loading="lazy" decoding="async" width="604" height="403" src="https://i0.wp.com/sac-homberg.ch/wordpress/wp-content/uploads/2015/12/mettmen_0075.jpg?fit=604%2C403&amp;ssl=1" class="attachment-large size-large" alt="Mettmenalp" aria-describedby="gallery-1-147" srcset="https://i0.wp.com/sac-homberg.ch/wordpress/wp-content/uploads/2015/12/mettmen_0075.jpg?w=1024&amp;ssl=1 1024w, https://i0.wp.com/sac-homberg.ch/wordpress/wp-content/uploads/2015/12/mettmen_0075.jpg?resize=300%2C200&amp;ssl=1 300w, https://i0.wp.com/sac-homberg.ch/wordpress/wp-content/uploads/2015/12/mettmen_0075.jpg?resize=800%2C534&amp;ssl=1 800w" sizes="auto, (max-width: 604px) 100vw, 604px" /></a>
			</div>
				<figcaption class='wp-caption-text gallery-caption' id='gallery-1-147'>
				Mettmenalp
				</figcaption></figure><figure class='gallery-item'>
			<div class='gallery-icon landscape'>
				<a href='https://sac-homberg.ch/wordpress/sektion-homberg/die-jo/hallwilersee_0068/'><img loading="lazy" decoding="async" width="604" height="403" src="https://i0.wp.com/sac-homberg.ch/wordpress/wp-content/uploads/2015/12/hallwilersee_0068.jpg?fit=604%2C403&amp;ssl=1" class="attachment-large size-large" alt="Hochtourenkurs Blüemlisalpfirn" aria-describedby="gallery-1-148" srcset="https://i0.wp.com/sac-homberg.ch/wordpress/wp-content/uploads/2015/12/hallwilersee_0068.jpg?w=1024&amp;ssl=1 1024w, https://i0.wp.com/sac-homberg.ch/wordpress/wp-content/uploads/2015/12/hallwilersee_0068.jpg?resize=300%2C200&amp;ssl=1 300w, https://i0.wp.com/sac-homberg.ch/wordpress/wp-content/uploads/2015/12/hallwilersee_0068.jpg?resize=800%2C534&amp;ssl=1 800w" sizes="auto, (max-width: 604px) 100vw, 604px" /></a>
			</div>
				<figcaption class='wp-caption-text gallery-caption' id='gallery-1-148'>
				Hochtourenkurs Blüemlisalpfirn
				</figcaption></figure>
		</div>

<p>Powderabfahrten an Freeridewochenenden, griffiger Fels im Kletterlager, schönste Sonnenaufgänge auf Hochtouren, unberührter Tiefschnee auf Skitouren oder gemütliche Fondueabende im Clubhäuschen – wenn dir das gefällt oder du ebenfalls solche Momente erleben möchtest dann bist du bei uns richtig. Wir von der JO – der Jugendorganisation des SAC-Homberg &#8211; bieten dir die Möglichkeit mit gleichaltrigen im &hellip; <a href="https://sac-homberg.ch/wordpress/sektion-homberg/die-jo/" class="more-link"><span class="screen-reader-text">Die JO</span> weiterlesen <span class="meta-nav">&rarr;</span></a></p>
