{"id":154,"date":"2015-12-08T20:13:43","date_gmt":"2015-12-08T19:13:43","guid":{"rendered":"http:\/\/sac-homberg.ch\/wordpress\/?page_id=154"},"modified":"2023-04-15T16:50:42","modified_gmt":"2023-04-15T14:50:42","slug":"senioren","status":"publish","type":"page","link":"https:\/\/sac-homberg.ch\/wordpress\/sektion-homberg\/senioren\/","title":{"rendered":"Senioren"},"content":{"rendered":"<p>Die Senioren des SAC Homberg haben ein eigenes Tourenprogramm. Alle zwei Wochen, jeweils ab Dienstag, finden eint\u00e4gige, beziehungsweise mehrt\u00e4gige Touren statt.<\/p>\n<h2>Wer macht mit<\/h2>\n<p>Alle, die unter der Woche Zeit finden bei den Anl\u00e4ssen, die im Seniorenprogramm angeboten werden mitzumachen, sind herzlich eingeladen. Das Programm ist grunds\u00e4tzlich f\u00fcr alle Mitglieder des SAC Homberg offen. F\u00fcr Clubmitglieder, die es etwas gem\u00e4chlicher m\u00f6gen, bietet die Seniorengruppe ein abwechslungsreiches Tourenprogramm. Die Senioren k\u00f6nnen sich auch an Touren der Sektion beteiligen.<\/p>\n<h2>Was wird geboten<\/h2>\n<table border=\"0\" cellspacing=\"0\" cellpadding=\"7\">\n<tbody>\n<tr valign=\"TOP\">\n<td><img data-recalc-dims=\"1\" decoding=\"async\" src=\"https:\/\/i0.wp.com\/sac-homberg.ch\/Senioren\/Senioren_0002.jpg?w=604\" alt=\"\" \/><b>Wanderungen<\/b><\/td>\n<td>finden in der n\u00e4heren oder weiteren Umgebung, vom Welschland bis in den Schwarzwald, statt.<\/td>\n<\/tr>\n<tr valign=\"TOP\">\n<td><img data-recalc-dims=\"1\" decoding=\"async\" src=\"https:\/\/i0.wp.com\/sac-homberg.ch\/Senioren\/Senioren_0003.jpg?w=604\" alt=\"\" \/><b>Bergwanderungen und Bergtouren<\/b><\/td>\n<td width=\"313\">\u00a0im Jura oder im Voralpengebiet<\/td>\n<\/tr>\n<tr valign=\"TOP\">\n<td><img data-recalc-dims=\"1\" decoding=\"async\" src=\"https:\/\/i0.wp.com\/sac-homberg.ch\/Senioren\/Senioren_0008.jpg?w=604\" alt=\"\" \/><b>Hochtouren<\/b><\/td>\n<td>Meist 2 &#8211; bis 3- t\u00e4gige mit \u00dcbernachtung in einer H\u00fctte<\/td>\n<\/tr>\n<tr valign=\"TOP\">\n<td><img data-recalc-dims=\"1\" decoding=\"async\" src=\"https:\/\/i0.wp.com\/sac-homberg.ch\/Senioren\/Senioren_0004.jpg?w=604\" alt=\"\" \/><b>Leichte Skitouren<\/b><\/td>\n<td>meist eint\u00e4gige<\/td>\n<\/tr>\n<tr valign=\"TOP\">\n<td><img data-recalc-dims=\"1\" decoding=\"async\" src=\"https:\/\/i0.wp.com\/sac-homberg.ch\/Senioren\/Senioren_0005.jpg?w=604\" alt=\"\" \/><b>Skitourenwoche<\/b><\/td>\n<td>Die Touren erfolgen von Hotels oder Pensionen aus, meist in 2 Gruppen mit unterschiedlich hohen Anforderungen.<\/td>\n<\/tr>\n<tr valign=\"TOP\">\n<td><img data-recalc-dims=\"1\" decoding=\"async\" src=\"https:\/\/i0.wp.com\/sac-homberg.ch\/Senioren\/Senioren_0006.jpg?w=604\" alt=\"\" \/><b>Velotouren<\/b><\/td>\n<td>in leichtem Gel\u00e4nde<\/td>\n<\/tr>\n<\/tbody>\n<\/table>\n<p>Ausserdem finden im Jahr drei Anl\u00e4sse statt, an denen vor allem die Geselligkeit und die Kameradschaft gepflegt wird. Es wird auch die M\u00f6glichkeit geboten, an den Kursen der Sektion, wie Seiltechnik, Erstehilfe-Kurse, Eis- oder Lawinenkurse, teilzunehmen. Alle Touren k\u00f6nnen im Tourenprogramm eingesehen werden.<\/p>\n<p>F\u00fcr Ausk\u00fcnfte stehen die Tourenleiter oder der Seniorenobmann gerne zur Verf\u00fcgung<\/p>\n<p>Seniorenobmann: Walter Knobel, Tel. 062 827 05 58, <a href=\"mailto:walter.knobel@bluewin.ch\">Mail<\/a><\/p>\n","protected":false},"excerpt":{"rendered":"<p>Die Senioren des SAC Homberg haben ein eigenes Tourenprogramm. Alle zwei Wochen, jeweils ab Dienstag, finden eint\u00e4gige, beziehungsweise mehrt\u00e4gige Touren statt. Wer macht mit Alle, die unter der Woche Zeit finden bei den Anl\u00e4ssen, die im Seniorenprogramm angeboten werden mitzumachen, sind herzlich eingeladen. Das Programm ist grunds\u00e4tzlich f\u00fcr alle Mitglieder des SAC Homberg offen. F\u00fcr &hellip; <a href=\"https:\/\/sac-homberg.ch\/wordpress\/sektion-homberg\/senioren\/\" class=\"more-link\"><span class=\"screen-reader-text\">Senioren<\/span> weiterlesen <span class=\"meta-nav\">&rarr;<\/span><\/a><\/p>\n","protected":false},"author":1,"featured_media":0,"parent":2,"menu_order":1,"comment_status":"closed","ping_status":"closed","template":"","meta":{"_monsterinsights_skip_tracking":false,"_monsterinsights_sitenote_active":false,"_monsterinsights_sitenote_note":"","_monsterinsights_sitenote_category":0,"jetpack_post_was_ever_published":false,"footnotes":""},"class_list":["post-154","page","type-page","status-publish","hentry"],"jetpack_shortlink":"https:\/\/wp.me\/P772lX-2u","jetpack_sharing_enabled":true,"_links":{"self":[{"href":"https:\/\/sac-homberg.ch\/wordpress\/wp-json\/wp\/v2\/pages\/154","targetHints":{"allow":["GET"]}}],"collection":[{"href":"https:\/\/sac-homberg.ch\/wordpress\/wp-json\/wp\/v2\/pages"}],"about":[{"href":"https:\/\/sac-homberg.ch\/wordpress\/wp-json\/wp\/v2\/types\/page"}],"author":[{"embeddable":true,"href":"https:\/\/sac-homberg.ch\/wordpress\/wp-json\/wp\/v2\/users\/1"}],"replies":[{"embeddable":true,"href":"https:\/\/sac-homberg.ch\/wordpress\/wp-json\/wp\/v2\/comments?post=154"}],"version-history":[{"count":4,"href":"https:\/\/sac-homberg.ch\/wordpress\/wp-json\/wp\/v2\/pages\/154\/revisions"}],"predecessor-version":[{"id":6596,"href":"https:\/\/sac-homberg.ch\/wordpress\/wp-json\/wp\/v2\/pages\/154\/revisions\/6596"}],"up":[{"embeddable":true,"href":"https:\/\/sac-homberg.ch\/wordpress\/wp-json\/wp\/v2\/pages\/2"}],"wp:attachment":[{"href":"https:\/\/sac-homberg.ch\/wordpress\/wp-json\/wp\/v2\/media?parent=154"}],"curies":[{"name":"wp","href":"https:\/\/api.w.org\/{rel}","templated":true}]}}