{"id":161,"date":"2015-12-09T20:22:46","date_gmt":"2015-12-09T19:22:46","guid":{"rendered":"http:\/\/sac-homberg.ch\/wordpress\/?page_id=161"},"modified":"2025-11-14T17:41:54","modified_gmt":"2025-11-14T16:41:54","slug":"der-vorstand","status":"publish","type":"page","link":"https:\/\/sac-homberg.ch\/wordpress\/sektion-homberg\/der-vorstand\/","title":{"rendered":"Der Vorstand"},"content":{"rendered":"\n<p>Infos an den Vorstand:&nbsp;<a href=\"mailto:vorstand@sac-homberg.ch\">vorstand@sac-homberg.ch<\/a><\/p>\n\n\n\n<figure class=\"wp-block-table\"><table><tbody><tr><td><strong>Pr\u00e4sident<\/strong><br \/><img data-recalc-dims=\"1\" loading=\"lazy\" decoding=\"async\" width=\"150\" height=\"150\" class=\"wp-image-5228\" style=\"width: 150px;\" src=\"https:\/\/i0.wp.com\/sac-homberg.ch\/wordpress\/wp-content\/uploads\/2021\/08\/IMG_9050.jpg?resize=150%2C150&#038;ssl=1\" alt=\"\" srcset=\"https:\/\/i0.wp.com\/sac-homberg.ch\/wordpress\/wp-content\/uploads\/2021\/08\/IMG_9050.jpg?w=256&amp;ssl=1 256w, https:\/\/i0.wp.com\/sac-homberg.ch\/wordpress\/wp-content\/uploads\/2021\/08\/IMG_9050.jpg?resize=150%2C150&amp;ssl=1 150w\" sizes=\"auto, (max-width: 150px) 100vw, 150px\" \/><\/td><td>Urs Eppenberger<br \/>Dysh\u00fcbelstrasse 1<br \/>5727 Oberkulm<br \/><a href=\"mailto:urs.eppenberger@sac-homberg.ch\">urs.eppenberger@sac-homberg.ch<\/a><\/td><\/tr><tr><td><strong>Aktuarin<\/strong><br \/><img data-recalc-dims=\"1\" loading=\"lazy\" decoding=\"async\" width=\"150\" height=\"150\" class=\"wp-image-5230\" style=\"width: 150px;\" src=\"https:\/\/i0.wp.com\/sac-homberg.ch\/wordpress\/wp-content\/uploads\/2021\/08\/IMG_9058.jpg?resize=150%2C150&#038;ssl=1\" alt=\"\" srcset=\"https:\/\/i0.wp.com\/sac-homberg.ch\/wordpress\/wp-content\/uploads\/2021\/08\/IMG_9058.jpg?w=256&amp;ssl=1 256w, https:\/\/i0.wp.com\/sac-homberg.ch\/wordpress\/wp-content\/uploads\/2021\/08\/IMG_9058.jpg?resize=150%2C150&amp;ssl=1 150w\" sizes=\"auto, (max-width: 150px) 100vw, 150px\" \/><\/td><td>K\u00e4thi Merz<br \/><a href=\"mailto:katharina.merz@sac-homberg.ch\">katharina.merz@sac-homberg.ch<\/a><\/td><\/tr><tr><td><strong>Kassier\/Mitgliederverwalter<\/strong><\/td><td>Yanick Schneider<br \/><a href=\"mailto:yanick.schneider@sac-homberg.ch\">yanick.schneider@sac-homberg.ch<\/a><\/td><\/tr><tr><td><strong>Sommertourenchef\/Vizepr\u00e4sident<\/strong><br \/><img data-recalc-dims=\"1\" loading=\"lazy\" decoding=\"async\" width=\"150\" height=\"150\" class=\"wp-image-5838\" style=\"width: 150px;\" src=\"https:\/\/i0.wp.com\/sac-homberg.ch\/wordpress\/wp-content\/uploads\/2022\/06\/stolp_nils.jpg?resize=150%2C150&#038;ssl=1\" alt=\"\" srcset=\"https:\/\/i0.wp.com\/sac-homberg.ch\/wordpress\/wp-content\/uploads\/2022\/06\/stolp_nils.jpg?w=256&amp;ssl=1 256w, https:\/\/i0.wp.com\/sac-homberg.ch\/wordpress\/wp-content\/uploads\/2022\/06\/stolp_nils.jpg?resize=150%2C150&amp;ssl=1 150w\" sizes=\"auto, (max-width: 150px) 100vw, 150px\" \/><\/td><td>Nils Stolp<br \/><a href=\"mailto:nils.stolp@gmail.com\">nils.stolp@gmail.com<\/a><\/td><\/tr><tr><td><strong>Wintertourenchef<\/strong><br \/><img data-recalc-dims=\"1\" loading=\"lazy\" decoding=\"async\" width=\"150\" height=\"150\" class=\"wp-image-5840\" style=\"width: 150px;\" src=\"https:\/\/i0.wp.com\/sac-homberg.ch\/wordpress\/wp-content\/uploads\/2022\/06\/wyder_urs.jpg?resize=150%2C150&#038;ssl=1\" alt=\"\" srcset=\"https:\/\/i0.wp.com\/sac-homberg.ch\/wordpress\/wp-content\/uploads\/2022\/06\/wyder_urs.jpg?w=256&amp;ssl=1 256w, https:\/\/i0.wp.com\/sac-homberg.ch\/wordpress\/wp-content\/uploads\/2022\/06\/wyder_urs.jpg?resize=150%2C150&amp;ssl=1 150w\" sizes=\"auto, (max-width: 150px) 100vw, 150px\" \/><\/td><td>Urs Wyder<br \/><a href=\"mailto:urs.wyder@bluemail.ch\">urs.wyder@bluemail.ch<\/a><\/td><\/tr><tr><td><strong>JO-Chef<\/strong><br \/><img data-recalc-dims=\"1\" loading=\"lazy\" decoding=\"async\" width=\"150\" height=\"150\" class=\"wp-image-5267\" style=\"width: 150px;\" src=\"https:\/\/i0.wp.com\/sac-homberg.ch\/wordpress\/wp-content\/uploads\/2021\/09\/stadelmann_marco.jpg?resize=150%2C150&#038;ssl=1\" alt=\"Marco Stadelmann, JO-Chef\" srcset=\"https:\/\/i0.wp.com\/sac-homberg.ch\/wordpress\/wp-content\/uploads\/2021\/09\/stadelmann_marco.jpg?w=256&amp;ssl=1 256w, https:\/\/i0.wp.com\/sac-homberg.ch\/wordpress\/wp-content\/uploads\/2021\/09\/stadelmann_marco.jpg?resize=150%2C150&amp;ssl=1 150w\" sizes=\"auto, (max-width: 150px) 100vw, 150px\" \/><\/td><td>Marco Stadelmann<br \/><a href=\"mailto:marco.stadelmann@sac-homberg.ch\">marco.stadelmann@sac-homberg.ch<\/a><\/td><\/tr><tr><td><strong>Senioren-Obmann<\/strong><br \/><img data-recalc-dims=\"1\" loading=\"lazy\" decoding=\"async\" width=\"150\" height=\"150\" class=\"wp-image-5268\" style=\"width: 150px;\" src=\"https:\/\/i0.wp.com\/sac-homberg.ch\/wordpress\/wp-content\/uploads\/2021\/09\/knobel_walter.jpg?resize=150%2C150&#038;ssl=1\" alt=\"Walter Knobel, Senioren-Obmann\" srcset=\"https:\/\/i0.wp.com\/sac-homberg.ch\/wordpress\/wp-content\/uploads\/2021\/09\/knobel_walter.jpg?w=256&amp;ssl=1 256w, https:\/\/i0.wp.com\/sac-homberg.ch\/wordpress\/wp-content\/uploads\/2021\/09\/knobel_walter.jpg?resize=150%2C150&amp;ssl=1 150w\" sizes=\"auto, (max-width: 150px) 100vw, 150px\" \/><\/td><td>Walter Knobel<br \/><a href=\"mailto:walter.knobel@sac-homberg.ch\">walter.knobel@sac-homberg.ch<\/a><\/td><\/tr><\/tbody><\/table><\/figure>\n","protected":false},"excerpt":{"rendered":"<p>Infos an den Vorstand:&nbsp;vorstand@sac-homberg.ch Pr\u00e4sident Urs EppenbergerDysh\u00fcbelstrasse 15727 Oberkulmurs.eppenberger@sac-homberg.ch Aktuarin K\u00e4thi Merzkatharina.merz@sac-homberg.ch Kassier\/Mitgliederverwalter Yanick Schneideryanick.schneider@sac-homberg.ch Sommertourenchef\/Vizepr\u00e4sident Nils Stolpnils.stolp@gmail.com Wintertourenchef Urs Wyderurs.wyder@bluemail.ch JO-Chef Marco Stadelmannmarco.stadelmann@sac-homberg.ch Senioren-Obmann Walter Knobelwalter.knobel@sac-homberg.ch<\/p>\n","protected":false},"author":1,"featured_media":0,"parent":2,"menu_order":0,"comment_status":"closed","ping_status":"closed","template":"","meta":{"_monsterinsights_skip_tracking":false,"_monsterinsights_sitenote_active":false,"_monsterinsights_sitenote_note":"","_monsterinsights_sitenote_category":0,"jetpack_post_was_ever_published":false,"footnotes":""},"class_list":["post-161","page","type-page","status-publish","hentry"],"jetpack_shortlink":"https:\/\/wp.me\/P772lX-2B","jetpack_sharing_enabled":true,"_links":{"self":[{"href":"https:\/\/sac-homberg.ch\/wordpress\/wp-json\/wp\/v2\/pages\/161","targetHints":{"allow":["GET"]}}],"collection":[{"href":"https:\/\/sac-homberg.ch\/wordpress\/wp-json\/wp\/v2\/pages"}],"about":[{"href":"https:\/\/sac-homberg.ch\/wordpress\/wp-json\/wp\/v2\/types\/page"}],"author":[{"embeddable":true,"href":"https:\/\/sac-homberg.ch\/wordpress\/wp-json\/wp\/v2\/users\/1"}],"replies":[{"embeddable":true,"href":"https:\/\/sac-homberg.ch\/wordpress\/wp-json\/wp\/v2\/comments?post=161"}],"version-history":[{"count":18,"href":"https:\/\/sac-homberg.ch\/wordpress\/wp-json\/wp\/v2\/pages\/161\/revisions"}],"predecessor-version":[{"id":8832,"href":"https:\/\/sac-homberg.ch\/wordpress\/wp-json\/wp\/v2\/pages\/161\/revisions\/8832"}],"up":[{"embeddable":true,"href":"https:\/\/sac-homberg.ch\/wordpress\/wp-json\/wp\/v2\/pages\/2"}],"wp:attachment":[{"href":"https:\/\/sac-homberg.ch\/wordpress\/wp-json\/wp\/v2\/media?parent=161"}],"curies":[{"name":"wp","href":"https:\/\/api.w.org\/{rel}","templated":true}]}}

<p>Infos an den Vorstand:&nbsp;<a href="mailto:vorstand@sac-homberg.ch">vorstand@sac-homberg.ch</a></p>



<figure class="wp-block-table"><table><tbody><tr><td><strong>Präsident</strong><br /><img data-recalc-dims="1" loading="lazy" decoding="async" width="150" height="150" class="wp-image-5228" style="width: 150px;" src="https://i0.wp.com/sac-homberg.ch/wordpress/wp-content/uploads/2021/08/IMG_9050.jpg?resize=150%2C150&#038;ssl=1" alt="" srcset="https://i0.wp.com/sac-homberg.ch/wordpress/wp-content/uploads/2021/08/IMG_9050.jpg?w=256&amp;ssl=1 256w, https://i0.wp.com/sac-homberg.ch/wordpress/wp-content/uploads/2021/08/IMG_9050.jpg?resize=150%2C150&amp;ssl=1 150w" sizes="auto, (max-width: 150px) 100vw, 150px" /></td><td>Urs Eppenberger<br />Dyshübelstrasse 1<br />5727 Oberkulm<br /><a href="mailto:urs.eppenberger@sac-homberg.ch">urs.eppenberger@sac-homberg.ch</a></td></tr><tr><td><strong>Aktuarin</strong><br /><img data-recalc-dims="1" loading="lazy" decoding="async" width="150" height="150" class="wp-image-5230" style="width: 150px;" src="https://i0.wp.com/sac-homberg.ch/wordpress/wp-content/uploads/2021/08/IMG_9058.jpg?resize=150%2C150&#038;ssl=1" alt="" srcset="https://i0.wp.com/sac-homberg.ch/wordpress/wp-content/uploads/2021/08/IMG_9058.jpg?w=256&amp;ssl=1 256w, https://i0.wp.com/sac-homberg.ch/wordpress/wp-content/uploads/2021/08/IMG_9058.jpg?resize=150%2C150&amp;ssl=1 150w" sizes="auto, (max-width: 150px) 100vw, 150px" /></td><td>Käthi Merz<br /><a href="mailto:katharina.merz@sac-homberg.ch">katharina.merz@sac-homberg.ch</a></td></tr><tr><td><strong>Kassier/Mitgliederverwalter</strong></td><td>Yanick Schneider<br /><a href="mailto:yanick.schneider@sac-homberg.ch">yanick.schneider@sac-homberg.ch</a></td></tr><tr><td><strong>Sommertourenchef/Vizepräsident</strong><br /><img data-recalc-dims="1" loading="lazy" decoding="async" width="150" height="150" class="wp-image-5838" style="width: 150px;" src="https://i0.wp.com/sac-homberg.ch/wordpress/wp-content/uploads/2022/06/stolp_nils.jpg?resize=150%2C150&#038;ssl=1" alt="" srcset="https://i0.wp.com/sac-homberg.ch/wordpress/wp-content/uploads/2022/06/stolp_nils.jpg?w=256&amp;ssl=1 256w, https://i0.wp.com/sac-homberg.ch/wordpress/wp-content/uploads/2022/06/stolp_nils.jpg?resize=150%2C150&amp;ssl=1 150w" sizes="auto, (max-width: 150px) 100vw, 150px" /></td><td>Nils Stolp<br /><a href="mailto:nils.stolp@gmail.com">nils.stolp@gmail.com</a></td></tr><tr><td><strong>Wintertourenchef</strong><br /><img data-recalc-dims="1" loading="lazy" decoding="async" width="150" height="150" class="wp-image-5840" style="width: 150px;" src="https://i0.wp.com/sac-homberg.ch/wordpress/wp-content/uploads/2022/06/wyder_urs.jpg?resize=150%2C150&#038;ssl=1" alt="" srcset="https://i0.wp.com/sac-homberg.ch/wordpress/wp-content/uploads/2022/06/wyder_urs.jpg?w=256&amp;ssl=1 256w, https://i0.wp.com/sac-homberg.ch/wordpress/wp-content/uploads/2022/06/wyder_urs.jpg?resize=150%2C150&amp;ssl=1 150w" sizes="auto, (max-width: 150px) 100vw, 150px" /></td><td>Urs Wyder<br /><a href="mailto:urs.wyder@bluemail.ch">urs.wyder@bluemail.ch</a></td></tr><tr><td><strong>JO-Chef</strong><br /><img data-recalc-dims="1" loading="lazy" decoding="async" width="150" height="150" class="wp-image-5267" style="width: 150px;" src="https://i0.wp.com/sac-homberg.ch/wordpress/wp-content/uploads/2021/09/stadelmann_marco.jpg?resize=150%2C150&#038;ssl=1" alt="Marco Stadelmann, JO-Chef" srcset="https://i0.wp.com/sac-homberg.ch/wordpress/wp-content/uploads/2021/09/stadelmann_marco.jpg?w=256&amp;ssl=1 256w, https://i0.wp.com/sac-homberg.ch/wordpress/wp-content/uploads/2021/09/stadelmann_marco.jpg?resize=150%2C150&amp;ssl=1 150w" sizes="auto, (max-width: 150px) 100vw, 150px" /></td><td>Marco Stadelmann<br /><a href="mailto:marco.stadelmann@sac-homberg.ch">marco.stadelmann@sac-homberg.ch</a></td></tr><tr><td><strong>Senioren-Obmann</strong><br /><img data-recalc-dims="1" loading="lazy" decoding="async" width="150" height="150" class="wp-image-5268" style="width: 150px;" src="https://i0.wp.com/sac-homberg.ch/wordpress/wp-content/uploads/2021/09/knobel_walter.jpg?resize=150%2C150&#038;ssl=1" alt="Walter Knobel, Senioren-Obmann" srcset="https://i0.wp.com/sac-homberg.ch/wordpress/wp-content/uploads/2021/09/knobel_walter.jpg?w=256&amp;ssl=1 256w, https://i0.wp.com/sac-homberg.ch/wordpress/wp-content/uploads/2021/09/knobel_walter.jpg?resize=150%2C150&amp;ssl=1 150w" sizes="auto, (max-width: 150px) 100vw, 150px" /></td><td>Walter Knobel<br /><a href="mailto:walter.knobel@sac-homberg.ch">walter.knobel@sac-homberg.ch</a></td></tr></tbody></table></figure>

<p>Infos an den Vorstand:&nbsp;vorstand@sac-homberg.ch Präsident Urs EppenbergerDyshübelstrasse 15727 Oberkulmurs.eppenberger@sac-homberg.ch Aktuarin Käthi Merzkatharina.merz@sac-homberg.ch Kassier/Mitgliederverwalter Yanick Schneideryanick.schneider@sac-homberg.ch Sommertourenchef/Vizepräsident Nils Stolpnils.stolp@gmail.com Wintertourenchef Urs Wyderurs.wyder@bluemail.ch JO-Chef Marco Stadelmannmarco.stadelmann@sac-homberg.ch Senioren-Obmann Walter Knobelwalter.knobel@sac-homberg.ch</p>
