{"id":2,"date":"2013-12-14T10:22:30","date_gmt":"2013-12-14T10:22:30","guid":{"rendered":"http:\/\/localhost\/wordpress-3.7\/wordpress\/?page_id=2"},"modified":"2022-12-27T11:09:03","modified_gmt":"2022-12-27T10:09:03","slug":"sektion-homberg","status":"publish","type":"page","link":"https:\/\/sac-homberg.ch\/wordpress\/sektion-homberg\/","title":{"rendered":"Unsere Sektion"},"content":{"rendered":"<div id=\"fondo2Div\">\n<figure id=\"attachment_55\" aria-describedby=\"caption-attachment-55\" style=\"width: 200px\" class=\"wp-caption alignright\"><a href=\"https:\/\/i0.wp.com\/sac-homberg.ch\/wordpress\/wp-content\/uploads\/2014\/11\/mettmen_0010.jpg?ssl=1\"><img data-recalc-dims=\"1\" loading=\"lazy\" decoding=\"async\" class=\"wp-image-55 size-medium\" src=\"https:\/\/i0.wp.com\/sac-homberg.ch\/wordpress\/wp-content\/uploads\/2014\/11\/mettmen_0010.jpg?resize=200%2C300&#038;ssl=1\" alt=\"Abseilen Mettmenalp\" width=\"200\" height=\"300\" srcset=\"https:\/\/i0.wp.com\/sac-homberg.ch\/wordpress\/wp-content\/uploads\/2014\/11\/mettmen_0010.jpg?resize=200%2C300&amp;ssl=1 200w, https:\/\/i0.wp.com\/sac-homberg.ch\/wordpress\/wp-content\/uploads\/2014\/11\/mettmen_0010.jpg?w=512&amp;ssl=1 512w\" sizes=\"auto, (max-width: 200px) 100vw, 200px\" \/><\/a><figcaption id=\"caption-attachment-55\" class=\"wp-caption-text\">Abseilen Mettmenalp<\/figcaption><\/figure>\n<p>Die Sektion Homberg des Schweizer Alpenclubs hat ihren Sitz in Reinach AG am Fusse des Hombergs, unseres &#8222;Hausberges&#8220;. Das Einzugsgebiet umfasst das obere und mittlere Wynental und das angrenzende Seetal. Das obere Wynental ist auch als Stumpenland bekannt, da in fr\u00fcheren Zeiten viele namhafte Zigarrenfabriken hier produzierten. Heute sind vor allem noch die Burger &#8222;R\u00f6sslistumpen&#8220; und Villiger bekannt. Kaum verwunderlich, dass bei uns ab und zu noch so ein &#8222;Stinkpr\u00fcgel&#8220; angez\u00fcndet wird &#8211; nicht immer zur Freude anderer Bergg\u00e4nger.<\/p>\n<\/div>\n<div id=\"fondo3Div\">\n<p>Die Sektion Homberg unterscheidet sich in vielem von anderen Sektionen. Wir sind nur eine kleine Gemeinschaft mit ungef\u00e4hr 290 Mitgliedern. <del>Diese Gr\u00f6sse gibt daf\u00fcr umso gr\u00f6sseren Zusammenhalt. Jeder kennt jeden, der JOler den Senior und der Senior den Sekti\u00f6nler. Das Gesellschaftliche wird bei uns gross geschrieben. Es gibt viele gemein- same Touren, bei denen nicht unbedingt ein Berg erklommen werden muss. Bei uns hat der Wanderer ebenso Platz wie der Sportkletterer.<\/del><\/p>\n<figure id=\"attachment_43\" aria-describedby=\"caption-attachment-43\" style=\"width: 300px\" class=\"wp-caption alignright\"><a href=\"https:\/\/i0.wp.com\/sac-homberg.ch\/wordpress\/wp-content\/uploads\/2014\/11\/IMG_6477.jpg?ssl=1\"><img data-recalc-dims=\"1\" loading=\"lazy\" decoding=\"async\" class=\"wp-image-43 size-medium\" src=\"https:\/\/i0.wp.com\/sac-homberg.ch\/wordpress\/wp-content\/uploads\/2014\/11\/IMG_6477.jpg?resize=300%2C200&#038;ssl=1\" alt=\"Lawinenkurs 2014\" width=\"300\" height=\"200\" srcset=\"https:\/\/i0.wp.com\/sac-homberg.ch\/wordpress\/wp-content\/uploads\/2014\/11\/IMG_6477.jpg?resize=300%2C200&amp;ssl=1 300w, https:\/\/i0.wp.com\/sac-homberg.ch\/wordpress\/wp-content\/uploads\/2014\/11\/IMG_6477.jpg?w=900&amp;ssl=1 900w\" sizes=\"auto, (max-width: 300px) 100vw, 300px\" \/><\/a><figcaption id=\"caption-attachment-43\" class=\"wp-caption-text\">Lawinenkurs 2014: Aufstieg zum Winterhorn<\/figcaption><\/figure>\n<p>Sicherheit ist ein zentrales Thema in der Ausbildung. Zu diesem Zweck finden jedes Jahr verschiedene Kurse statt. Im Winter stehen ein Skikurs, ein Eiskletterkurs und ein Lawinenkurs auf dem Programm, im Fr\u00fchling, bevor die ersten Sonnenstrahlen die Felsen w\u00e4rmen, \u00fcben wir die Knoten in einem Seilkurs, damit wir diese f\u00fcr den Kletterkurse bereits im Griff haben und mit der Technik weiterfahren k\u00f6nnen. Anfangs Sommer f\u00fchren wir einen Hochtourenkurs durch. Wer Interesse hat, kann sich beim jeweiligen Tourenleiter melden, die Kurse stehen allen offen.<\/p>\n<figure id=\"attachment_50\" aria-describedby=\"caption-attachment-50\" style=\"width: 900px\" class=\"wp-caption aligncenter\"><a href=\"https:\/\/i0.wp.com\/sac-homberg.ch\/wordpress\/wp-content\/uploads\/2014\/11\/IMG_8375.jpg?ssl=1\"><img data-recalc-dims=\"1\" loading=\"lazy\" decoding=\"async\" class=\"wp-image-50 size-full\" src=\"https:\/\/i0.wp.com\/sac-homberg.ch\/wordpress\/wp-content\/uploads\/2014\/11\/IMG_8375.jpg?resize=604%2C403&#038;ssl=1\" alt=\"Im Rotbachtobel (Sempach)\" width=\"604\" height=\"403\" srcset=\"https:\/\/i0.wp.com\/sac-homberg.ch\/wordpress\/wp-content\/uploads\/2014\/11\/IMG_8375.jpg?w=900&amp;ssl=1 900w, https:\/\/i0.wp.com\/sac-homberg.ch\/wordpress\/wp-content\/uploads\/2014\/11\/IMG_8375.jpg?resize=300%2C200&amp;ssl=1 300w, https:\/\/i0.wp.com\/sac-homberg.ch\/wordpress\/wp-content\/uploads\/2014\/11\/IMG_8375.jpg?resize=800%2C533&amp;ssl=1 800w\" sizes=\"auto, (max-width: 604px) 100vw, 604px\" \/><\/a><figcaption id=\"caption-attachment-50\" class=\"wp-caption-text\">Im Rotbachtobel (Sempach)<\/figcaption><\/figure>\n<\/div>\n","protected":false},"excerpt":{"rendered":"<p>Die Sektion Homberg des Schweizer Alpenclubs hat ihren Sitz in Reinach AG am Fusse des Hombergs, unseres &#8222;Hausberges&#8220;. Das Einzugsgebiet umfasst das obere und mittlere Wynental und das angrenzende Seetal. Das obere Wynental ist auch als Stumpenland bekannt, da in fr\u00fcheren Zeiten viele namhafte Zigarrenfabriken hier produzierten. Heute sind vor allem noch die Burger &#8222;R\u00f6sslistumpen&#8220; &hellip; <a href=\"https:\/\/sac-homberg.ch\/wordpress\/sektion-homberg\/\" class=\"more-link\"><span class=\"screen-reader-text\">Unsere Sektion<\/span> weiterlesen <span class=\"meta-nav\">&rarr;<\/span><\/a><\/p>\n","protected":false},"author":1,"featured_media":0,"parent":0,"menu_order":0,"comment_status":"open","ping_status":"open","template":"","meta":{"_monsterinsights_skip_tracking":false,"_monsterinsights_sitenote_active":false,"_monsterinsights_sitenote_note":"","_monsterinsights_sitenote_category":0,"jetpack_post_was_ever_published":false,"footnotes":""},"class_list":["post-2","page","type-page","status-publish","hentry"],"jetpack_shortlink":"https:\/\/wp.me\/P772lX-2","jetpack_sharing_enabled":true,"_links":{"self":[{"href":"https:\/\/sac-homberg.ch\/wordpress\/wp-json\/wp\/v2\/pages\/2","targetHints":{"allow":["GET"]}}],"collection":[{"href":"https:\/\/sac-homberg.ch\/wordpress\/wp-json\/wp\/v2\/pages"}],"about":[{"href":"https:\/\/sac-homberg.ch\/wordpress\/wp-json\/wp\/v2\/types\/page"}],"author":[{"embeddable":true,"href":"https:\/\/sac-homberg.ch\/wordpress\/wp-json\/wp\/v2\/users\/1"}],"replies":[{"embeddable":true,"href":"https:\/\/sac-homberg.ch\/wordpress\/wp-json\/wp\/v2\/comments?post=2"}],"version-history":[{"count":6,"href":"https:\/\/sac-homberg.ch\/wordpress\/wp-json\/wp\/v2\/pages\/2\/revisions"}],"predecessor-version":[{"id":6317,"href":"https:\/\/sac-homberg.ch\/wordpress\/wp-json\/wp\/v2\/pages\/2\/revisions\/6317"}],"wp:attachment":[{"href":"https:\/\/sac-homberg.ch\/wordpress\/wp-json\/wp\/v2\/media?parent=2"}],"curies":[{"name":"wp","href":"https:\/\/api.w.org\/{rel}","templated":true}]}}

<div id="fondo2Div">
<figure id="attachment_55" aria-describedby="caption-attachment-55" style="width: 200px" class="wp-caption alignright"><a href="https://i0.wp.com/sac-homberg.ch/wordpress/wp-content/uploads/2014/11/mettmen_0010.jpg?ssl=1"><img data-recalc-dims="1" loading="lazy" decoding="async" class="wp-image-55 size-medium" src="https://i0.wp.com/sac-homberg.ch/wordpress/wp-content/uploads/2014/11/mettmen_0010.jpg?resize=200%2C300&#038;ssl=1" alt="Abseilen Mettmenalp" width="200" height="300" srcset="https://i0.wp.com/sac-homberg.ch/wordpress/wp-content/uploads/2014/11/mettmen_0010.jpg?resize=200%2C300&amp;ssl=1 200w, https://i0.wp.com/sac-homberg.ch/wordpress/wp-content/uploads/2014/11/mettmen_0010.jpg?w=512&amp;ssl=1 512w" sizes="auto, (max-width: 200px) 100vw, 200px" /></a><figcaption id="caption-attachment-55" class="wp-caption-text">Abseilen Mettmenalp</figcaption></figure>
<p>Die Sektion Homberg des Schweizer Alpenclubs hat ihren Sitz in Reinach AG am Fusse des Hombergs, unseres &#8222;Hausberges&#8220;. Das Einzugsgebiet umfasst das obere und mittlere Wynental und das angrenzende Seetal. Das obere Wynental ist auch als Stumpenland bekannt, da in früheren Zeiten viele namhafte Zigarrenfabriken hier produzierten. Heute sind vor allem noch die Burger &#8222;Rösslistumpen&#8220; und Villiger bekannt. Kaum verwunderlich, dass bei uns ab und zu noch so ein &#8222;Stinkprügel&#8220; angezündet wird &#8211; nicht immer zur Freude anderer Berggänger.</p>
</div>
<div id="fondo3Div">
<p>Die Sektion Homberg unterscheidet sich in vielem von anderen Sektionen. Wir sind nur eine kleine Gemeinschaft mit ungefähr 290 Mitgliedern. <del>Diese Grösse gibt dafür umso grösseren Zusammenhalt. Jeder kennt jeden, der JOler den Senior und der Senior den Sektiönler. Das Gesellschaftliche wird bei uns gross geschrieben. Es gibt viele gemein- same Touren, bei denen nicht unbedingt ein Berg erklommen werden muss. Bei uns hat der Wanderer ebenso Platz wie der Sportkletterer.</del></p>
<figure id="attachment_43" aria-describedby="caption-attachment-43" style="width: 300px" class="wp-caption alignright"><a href="https://i0.wp.com/sac-homberg.ch/wordpress/wp-content/uploads/2014/11/IMG_6477.jpg?ssl=1"><img data-recalc-dims="1" loading="lazy" decoding="async" class="wp-image-43 size-medium" src="https://i0.wp.com/sac-homberg.ch/wordpress/wp-content/uploads/2014/11/IMG_6477.jpg?resize=300%2C200&#038;ssl=1" alt="Lawinenkurs 2014" width="300" height="200" srcset="https://i0.wp.com/sac-homberg.ch/wordpress/wp-content/uploads/2014/11/IMG_6477.jpg?resize=300%2C200&amp;ssl=1 300w, https://i0.wp.com/sac-homberg.ch/wordpress/wp-content/uploads/2014/11/IMG_6477.jpg?w=900&amp;ssl=1 900w" sizes="auto, (max-width: 300px) 100vw, 300px" /></a><figcaption id="caption-attachment-43" class="wp-caption-text">Lawinenkurs 2014: Aufstieg zum Winterhorn</figcaption></figure>
<p>Sicherheit ist ein zentrales Thema in der Ausbildung. Zu diesem Zweck finden jedes Jahr verschiedene Kurse statt. Im Winter stehen ein Skikurs, ein Eiskletterkurs und ein Lawinenkurs auf dem Programm, im Frühling, bevor die ersten Sonnenstrahlen die Felsen wärmen, üben wir die Knoten in einem Seilkurs, damit wir diese für den Kletterkurse bereits im Griff haben und mit der Technik weiterfahren können. Anfangs Sommer führen wir einen Hochtourenkurs durch. Wer Interesse hat, kann sich beim jeweiligen Tourenleiter melden, die Kurse stehen allen offen.</p>
<figure id="attachment_50" aria-describedby="caption-attachment-50" style="width: 900px" class="wp-caption aligncenter"><a href="https://i0.wp.com/sac-homberg.ch/wordpress/wp-content/uploads/2014/11/IMG_8375.jpg?ssl=1"><img data-recalc-dims="1" loading="lazy" decoding="async" class="wp-image-50 size-full" src="https://i0.wp.com/sac-homberg.ch/wordpress/wp-content/uploads/2014/11/IMG_8375.jpg?resize=604%2C403&#038;ssl=1" alt="Im Rotbachtobel (Sempach)" width="604" height="403" srcset="https://i0.wp.com/sac-homberg.ch/wordpress/wp-content/uploads/2014/11/IMG_8375.jpg?w=900&amp;ssl=1 900w, https://i0.wp.com/sac-homberg.ch/wordpress/wp-content/uploads/2014/11/IMG_8375.jpg?resize=300%2C200&amp;ssl=1 300w, https://i0.wp.com/sac-homberg.ch/wordpress/wp-content/uploads/2014/11/IMG_8375.jpg?resize=800%2C533&amp;ssl=1 800w" sizes="auto, (max-width: 604px) 100vw, 604px" /></a><figcaption id="caption-attachment-50" class="wp-caption-text">Im Rotbachtobel (Sempach)</figcaption></figure>
</div>

<p>Die Sektion Homberg des Schweizer Alpenclubs hat ihren Sitz in Reinach AG am Fusse des Hombergs, unseres &#8222;Hausberges&#8220;. Das Einzugsgebiet umfasst das obere und mittlere Wynental und das angrenzende Seetal. Das obere Wynental ist auch als Stumpenland bekannt, da in früheren Zeiten viele namhafte Zigarrenfabriken hier produzierten. Heute sind vor allem noch die Burger &#8222;Rösslistumpen&#8220; &hellip; <a href="https://sac-homberg.ch/wordpress/sektion-homberg/" class="more-link"><span class="screen-reader-text">Unsere Sektion</span> weiterlesen <span class="meta-nav">&rarr;</span></a></p>
