{"id":20,"date":"2013-12-14T11:03:22","date_gmt":"2013-12-14T11:03:22","guid":{"rendered":"http:\/\/sac-homberg.ch\/wordpress\/?page_id=20"},"modified":"2022-11-06T17:49:51","modified_gmt":"2022-11-06T16:49:51","slug":"weidhuesli","status":"publish","type":"page","link":"https:\/\/sac-homberg.ch\/wordpress\/weidhuesli\/","title":{"rendered":"Weidh\u00fcsli"},"content":{"rendered":"<figure id=\"attachment_130\" aria-describedby=\"caption-attachment-130\" style=\"width: 604px\" class=\"wp-caption aligncenter\"><a href=\"https:\/\/i0.wp.com\/sac-homberg.ch\/wordpress\/wp-content\/uploads\/2013\/12\/IMG_9882.jpg?ssl=1\"><img data-recalc-dims=\"1\" loading=\"lazy\" decoding=\"async\" class=\"size-large wp-image-130\" src=\"https:\/\/i0.wp.com\/sac-homberg.ch\/wordpress\/wp-content\/uploads\/2013\/12\/IMG_9882.jpg?resize=604%2C453&#038;ssl=1\" alt=\"Weidh\u00fcsli\" width=\"604\" height=\"453\" data-wp-pid=\"130\" srcset=\"https:\/\/i0.wp.com\/sac-homberg.ch\/wordpress\/wp-content\/uploads\/2013\/12\/IMG_9882.jpg?resize=1024%2C768&amp;ssl=1 1024w, https:\/\/i0.wp.com\/sac-homberg.ch\/wordpress\/wp-content\/uploads\/2013\/12\/IMG_9882.jpg?resize=300%2C225&amp;ssl=1 300w, https:\/\/i0.wp.com\/sac-homberg.ch\/wordpress\/wp-content\/uploads\/2013\/12\/IMG_9882.jpg?resize=800%2C600&amp;ssl=1 800w, https:\/\/i0.wp.com\/sac-homberg.ch\/wordpress\/wp-content\/uploads\/2013\/12\/IMG_9882.jpg?w=1208&amp;ssl=1 1208w, https:\/\/i0.wp.com\/sac-homberg.ch\/wordpress\/wp-content\/uploads\/2013\/12\/IMG_9882.jpg?w=1812&amp;ssl=1 1812w\" sizes=\"auto, (max-width: 604px) 100vw, 604px\" \/><\/a><figcaption id=\"caption-attachment-130\" class=\"wp-caption-text\">Weidh\u00fcsli<\/figcaption><\/figure>\n<p>Einsam steht das Kleinod der Sektion Homberg oberhalb Hasliberg-Reuti. \u00dcber das Tal hinweg sieht man die wilden Zacken der Engelh\u00f6rner, das Wetterhorn und den Eiger. An sch\u00f6nen Tagen kann man mit dem Feldstecher die Seilschaften auf dem Kleinen und dem Grossen Simelistock beobachten.<\/p>\n<figure id=\"attachment_6206\" aria-describedby=\"caption-attachment-6206\" style=\"width: 1365px\" class=\"wp-caption aligncenter\"><a href=\"https:\/\/i0.wp.com\/sac-homberg.ch\/wordpress\/wp-content\/uploads\/2022\/11\/WhatsApp-Image-2022-08-23-at-10.50.51.jpeg?ssl=1\"><img data-recalc-dims=\"1\" loading=\"lazy\" decoding=\"async\" class=\"wp-image-6206 size-full\" src=\"https:\/\/i0.wp.com\/sac-homberg.ch\/wordpress\/wp-content\/uploads\/2022\/11\/WhatsApp-Image-2022-08-23-at-10.50.51.jpeg?resize=604%2C340&#038;ssl=1\" alt=\"\" width=\"604\" height=\"340\" data-wp-pid=\"6206\" srcset=\"https:\/\/i0.wp.com\/sac-homberg.ch\/wordpress\/wp-content\/uploads\/2022\/11\/WhatsApp-Image-2022-08-23-at-10.50.51.jpeg?w=1365&amp;ssl=1 1365w, https:\/\/i0.wp.com\/sac-homberg.ch\/wordpress\/wp-content\/uploads\/2022\/11\/WhatsApp-Image-2022-08-23-at-10.50.51.jpeg?resize=300%2C169&amp;ssl=1 300w, https:\/\/i0.wp.com\/sac-homberg.ch\/wordpress\/wp-content\/uploads\/2022\/11\/WhatsApp-Image-2022-08-23-at-10.50.51.jpeg?resize=1024%2C576&amp;ssl=1 1024w, https:\/\/i0.wp.com\/sac-homberg.ch\/wordpress\/wp-content\/uploads\/2022\/11\/WhatsApp-Image-2022-08-23-at-10.50.51.jpeg?resize=768%2C432&amp;ssl=1 768w, https:\/\/i0.wp.com\/sac-homberg.ch\/wordpress\/wp-content\/uploads\/2022\/11\/WhatsApp-Image-2022-08-23-at-10.50.51.jpeg?resize=1200%2C675&amp;ssl=1 1200w\" sizes=\"auto, (max-width: 604px) 100vw, 604px\" \/><\/a><figcaption id=\"caption-attachment-6206\" class=\"wp-caption-text\">Das Weidh\u00fcsli, wie man es sonst nicht sieht<\/figcaption><\/figure>\n<p>Das Weidh\u00fcsli dient im Sommer als Ausgangspunkt f\u00fcr Klettereien an Susten, Grimsel und in den Engelh\u00f6rnern, im Winter f\u00fcr kurze Skitouren gleich hinter der H\u00fctte oder dem auf der anderen Talseite gelegenen Tschingel. Meistens geht man aber dort hin, um die Ruhe zu geniessen, zu entspannen, einfach um zu sein.<\/p>\n<p>Dass es aber auch alles andere als ruhig sein kann, wurde schon oft bewiesen. Man spreche nur mal einen Hombergler darauf an (dieser hat jedoch den Hang zur \u00dcbertreibung, man sollte also nicht alles f\u00fcr bare M\u00fcnze nehmen).<\/p>\n<p class=\"jetpack-slideshow-noscript robots-nocontent\">Diese Diashow ben\u00f6tigt JavaScript.<\/p><div id=\"gallery-20-1-slideshow\" class=\"jetpack-slideshow-window jetpack-slideshow jetpack-slideshow-black\" data-trans=\"fade\" data-autostart=\"1\" data-gallery=\"[{&quot;src&quot;:&quot;https:\\\/\\\/i0.wp.com\\\/sac-homberg.ch\\\/wordpress\\\/wp-content\\\/uploads\\\/2022\\\/11\\\/WhatsApp-Image-2022-08-23-at-10.50.50-1.jpeg?fit=1024%2C768\\u0026ssl=1&quot;,&quot;id&quot;:&quot;6201&quot;,&quot;title&quot;:&quot;Die gute Stube&quot;,&quot;alt&quot;:&quot;&quot;,&quot;caption&quot;:&quot;Die gute Stube&quot;,&quot;itemprop&quot;:&quot;image&quot;},{&quot;src&quot;:&quot;https:\\\/\\\/i0.wp.com\\\/sac-homberg.ch\\\/wordpress\\\/wp-content\\\/uploads\\\/2022\\\/11\\\/WhatsApp-Image-2022-08-23-at-10.50.50.jpeg?fit=1024%2C768\\u0026ssl=1&quot;,&quot;id&quot;:&quot;6202&quot;,&quot;title&quot;:&quot;Der Ofen w\\u00e4rmt sch\\u00f6n&quot;,&quot;alt&quot;:&quot;&quot;,&quot;caption&quot;:&quot;Der Ofen w\\u00e4rmt sch\\u00f6n&quot;,&quot;itemprop&quot;:&quot;image&quot;},{&quot;src&quot;:&quot;https:\\\/\\\/i0.wp.com\\\/sac-homberg.ch\\\/wordpress\\\/wp-content\\\/uploads\\\/2022\\\/11\\\/WhatsApp-Image-2022-08-23-at-10.50.51-1.jpeg?fit=768%2C1024\\u0026ssl=1&quot;,&quot;id&quot;:&quot;6203&quot;,&quot;title&quot;:&quot;Der Massenschlag links&quot;,&quot;alt&quot;:&quot;&quot;,&quot;caption&quot;:&quot;Der Massenschlag links&quot;,&quot;itemprop&quot;:&quot;image&quot;},{&quot;src&quot;:&quot;https:\\\/\\\/i0.wp.com\\\/sac-homberg.ch\\\/wordpress\\\/wp-content\\\/uploads\\\/2022\\\/11\\\/WhatsApp-Image-2022-08-23-at-10.50.52.jpeg?fit=768%2C1024\\u0026ssl=1&quot;,&quot;id&quot;:&quot;6204&quot;,&quot;title&quot;:&quot;Der Massenschlag rechts&quot;,&quot;alt&quot;:&quot;&quot;,&quot;caption&quot;:&quot;Der Massenschlag rechts&quot;,&quot;itemprop&quot;:&quot;image&quot;}]\" itemscope itemtype=\"https:\/\/schema.org\/ImageGallery\"><\/div>\n<p><b>Anmeldung (nur f\u00fcr Mitglieder der Sektion Homberg):<\/b><br \/>\n<a href=\"mailto:weidhuesli@sac-homberg.ch?subject=Reservation f\u00fcr das Weidh\u00fcsli\">Annelies und Hugo Forrer<\/a>, Zetzwil (062 773 30 22)<\/p>\n<p>Ohne Regeln geht es nicht:<br \/>\n<a href=\"https:\/\/sac-homberg.ch\/wordpress\/wp-content\/uploads\/2016\/01\/huettenreglement_weidhuesli_gen_20160123.pdf\" rel=\"\">H\u00fcttenreglement f\u00fcr das Clubheim Weidh\u00fcsli<\/a><br \/>\n<a href=\"https:\/\/sac-homberg.ch\/wordpress\/wp-content\/uploads\/2016\/01\/infos_weidhuesli.pdf\" rel=\"\">Infos zum Weidh\u00fcslibesuch<\/a><\/p>\n","protected":false},"excerpt":{"rendered":"<p>Einsam steht das Kleinod der Sektion Homberg oberhalb Hasliberg-Reuti. \u00dcber das Tal hinweg sieht man die wilden Zacken der Engelh\u00f6rner, das Wetterhorn und den Eiger. An sch\u00f6nen Tagen kann man mit dem Feldstecher die Seilschaften auf dem Kleinen und dem Grossen Simelistock beobachten. Das Weidh\u00fcsli dient im Sommer als Ausgangspunkt f\u00fcr Klettereien an Susten, Grimsel &hellip; <a href=\"https:\/\/sac-homberg.ch\/wordpress\/weidhuesli\/\" class=\"more-link\"><span class=\"screen-reader-text\">Weidh\u00fcsli<\/span> weiterlesen <span class=\"meta-nav\">&rarr;<\/span><\/a><\/p>\n","protected":false},"author":1,"featured_media":0,"parent":0,"menu_order":0,"comment_status":"open","ping_status":"open","template":"","meta":{"_monsterinsights_skip_tracking":false,"_monsterinsights_sitenote_active":false,"_monsterinsights_sitenote_note":"","_monsterinsights_sitenote_category":0,"jetpack_post_was_ever_published":false,"footnotes":""},"class_list":["post-20","page","type-page","status-publish","hentry"],"jetpack_shortlink":"https:\/\/wp.me\/P772lX-k","jetpack_sharing_enabled":true,"_links":{"self":[{"href":"https:\/\/sac-homberg.ch\/wordpress\/wp-json\/wp\/v2\/pages\/20","targetHints":{"allow":["GET"]}}],"collection":[{"href":"https:\/\/sac-homberg.ch\/wordpress\/wp-json\/wp\/v2\/pages"}],"about":[{"href":"https:\/\/sac-homberg.ch\/wordpress\/wp-json\/wp\/v2\/types\/page"}],"author":[{"embeddable":true,"href":"https:\/\/sac-homberg.ch\/wordpress\/wp-json\/wp\/v2\/users\/1"}],"replies":[{"embeddable":true,"href":"https:\/\/sac-homberg.ch\/wordpress\/wp-json\/wp\/v2\/comments?post=20"}],"version-history":[{"count":7,"href":"https:\/\/sac-homberg.ch\/wordpress\/wp-json\/wp\/v2\/pages\/20\/revisions"}],"predecessor-version":[{"id":6207,"href":"https:\/\/sac-homberg.ch\/wordpress\/wp-json\/wp\/v2\/pages\/20\/revisions\/6207"}],"wp:attachment":[{"href":"https:\/\/sac-homberg.ch\/wordpress\/wp-json\/wp\/v2\/media?parent=20"}],"curies":[{"name":"wp","href":"https:\/\/api.w.org\/{rel}","templated":true}]}}

Weidhüsli

<figure id="attachment_130" aria-describedby="caption-attachment-130" style="width: 604px" class="wp-caption aligncenter"><a href="https://i0.wp.com/sac-homberg.ch/wordpress/wp-content/uploads/2013/12/IMG_9882.jpg?ssl=1"><img data-recalc-dims="1" loading="lazy" decoding="async" class="size-large wp-image-130" src="https://i0.wp.com/sac-homberg.ch/wordpress/wp-content/uploads/2013/12/IMG_9882.jpg?resize=604%2C453&#038;ssl=1" alt="Weidhüsli" width="604" height="453" data-wp-pid="130" srcset="https://i0.wp.com/sac-homberg.ch/wordpress/wp-content/uploads/2013/12/IMG_9882.jpg?resize=1024%2C768&amp;ssl=1 1024w, https://i0.wp.com/sac-homberg.ch/wordpress/wp-content/uploads/2013/12/IMG_9882.jpg?resize=300%2C225&amp;ssl=1 300w, https://i0.wp.com/sac-homberg.ch/wordpress/wp-content/uploads/2013/12/IMG_9882.jpg?resize=800%2C600&amp;ssl=1 800w, https://i0.wp.com/sac-homberg.ch/wordpress/wp-content/uploads/2013/12/IMG_9882.jpg?w=1208&amp;ssl=1 1208w, https://i0.wp.com/sac-homberg.ch/wordpress/wp-content/uploads/2013/12/IMG_9882.jpg?w=1812&amp;ssl=1 1812w" sizes="auto, (max-width: 604px) 100vw, 604px" /></a><figcaption id="caption-attachment-130" class="wp-caption-text">Weidhüsli</figcaption></figure>
<p>Einsam steht das Kleinod der Sektion Homberg oberhalb Hasliberg-Reuti. Über das Tal hinweg sieht man die wilden Zacken der Engelhörner, das Wetterhorn und den Eiger. An schönen Tagen kann man mit dem Feldstecher die Seilschaften auf dem Kleinen und dem Grossen Simelistock beobachten.</p>
<figure id="attachment_6206" aria-describedby="caption-attachment-6206" style="width: 1365px" class="wp-caption aligncenter"><a href="https://i0.wp.com/sac-homberg.ch/wordpress/wp-content/uploads/2022/11/WhatsApp-Image-2022-08-23-at-10.50.51.jpeg?ssl=1"><img data-recalc-dims="1" loading="lazy" decoding="async" class="wp-image-6206 size-full" src="https://i0.wp.com/sac-homberg.ch/wordpress/wp-content/uploads/2022/11/WhatsApp-Image-2022-08-23-at-10.50.51.jpeg?resize=604%2C340&#038;ssl=1" alt="" width="604" height="340" data-wp-pid="6206" srcset="https://i0.wp.com/sac-homberg.ch/wordpress/wp-content/uploads/2022/11/WhatsApp-Image-2022-08-23-at-10.50.51.jpeg?w=1365&amp;ssl=1 1365w, https://i0.wp.com/sac-homberg.ch/wordpress/wp-content/uploads/2022/11/WhatsApp-Image-2022-08-23-at-10.50.51.jpeg?resize=300%2C169&amp;ssl=1 300w, https://i0.wp.com/sac-homberg.ch/wordpress/wp-content/uploads/2022/11/WhatsApp-Image-2022-08-23-at-10.50.51.jpeg?resize=1024%2C576&amp;ssl=1 1024w, https://i0.wp.com/sac-homberg.ch/wordpress/wp-content/uploads/2022/11/WhatsApp-Image-2022-08-23-at-10.50.51.jpeg?resize=768%2C432&amp;ssl=1 768w, https://i0.wp.com/sac-homberg.ch/wordpress/wp-content/uploads/2022/11/WhatsApp-Image-2022-08-23-at-10.50.51.jpeg?resize=1200%2C675&amp;ssl=1 1200w" sizes="auto, (max-width: 604px) 100vw, 604px" /></a><figcaption id="caption-attachment-6206" class="wp-caption-text">Das Weidhüsli, wie man es sonst nicht sieht</figcaption></figure>
<p>Das Weidhüsli dient im Sommer als Ausgangspunkt für Klettereien an Susten, Grimsel und in den Engelhörnern, im Winter für kurze Skitouren gleich hinter der Hütte oder dem auf der anderen Talseite gelegenen Tschingel. Meistens geht man aber dort hin, um die Ruhe zu geniessen, zu entspannen, einfach um zu sein.</p>
<p>Dass es aber auch alles andere als ruhig sein kann, wurde schon oft bewiesen. Man spreche nur mal einen Hombergler darauf an (dieser hat jedoch den Hang zur Übertreibung, man sollte also nicht alles für bare Münze nehmen).</p>
<p class="jetpack-slideshow-noscript robots-nocontent">Diese Diashow benötigt JavaScript.</p><div id="gallery-20-1-slideshow" class="jetpack-slideshow-window jetpack-slideshow jetpack-slideshow-black" data-trans="fade" data-autostart="1" data-gallery="[{&quot;src&quot;:&quot;https:\/\/i0.wp.com\/sac-homberg.ch\/wordpress\/wp-content\/uploads\/2022\/11\/WhatsApp-Image-2022-08-23-at-10.50.50-1.jpeg?fit=1024%2C768\u0026ssl=1&quot;,&quot;id&quot;:&quot;6201&quot;,&quot;title&quot;:&quot;Die gute Stube&quot;,&quot;alt&quot;:&quot;&quot;,&quot;caption&quot;:&quot;Die gute Stube&quot;,&quot;itemprop&quot;:&quot;image&quot;},{&quot;src&quot;:&quot;https:\/\/i0.wp.com\/sac-homberg.ch\/wordpress\/wp-content\/uploads\/2022\/11\/WhatsApp-Image-2022-08-23-at-10.50.50.jpeg?fit=1024%2C768\u0026ssl=1&quot;,&quot;id&quot;:&quot;6202&quot;,&quot;title&quot;:&quot;Der Ofen w\u00e4rmt sch\u00f6n&quot;,&quot;alt&quot;:&quot;&quot;,&quot;caption&quot;:&quot;Der Ofen w\u00e4rmt sch\u00f6n&quot;,&quot;itemprop&quot;:&quot;image&quot;},{&quot;src&quot;:&quot;https:\/\/i0.wp.com\/sac-homberg.ch\/wordpress\/wp-content\/uploads\/2022\/11\/WhatsApp-Image-2022-08-23-at-10.50.51-1.jpeg?fit=768%2C1024\u0026ssl=1&quot;,&quot;id&quot;:&quot;6203&quot;,&quot;title&quot;:&quot;Der Massenschlag links&quot;,&quot;alt&quot;:&quot;&quot;,&quot;caption&quot;:&quot;Der Massenschlag links&quot;,&quot;itemprop&quot;:&quot;image&quot;},{&quot;src&quot;:&quot;https:\/\/i0.wp.com\/sac-homberg.ch\/wordpress\/wp-content\/uploads\/2022\/11\/WhatsApp-Image-2022-08-23-at-10.50.52.jpeg?fit=768%2C1024\u0026ssl=1&quot;,&quot;id&quot;:&quot;6204&quot;,&quot;title&quot;:&quot;Der Massenschlag rechts&quot;,&quot;alt&quot;:&quot;&quot;,&quot;caption&quot;:&quot;Der Massenschlag rechts&quot;,&quot;itemprop&quot;:&quot;image&quot;}]" itemscope itemtype="https://schema.org/ImageGallery"></div>
<p><b>Anmeldung (nur für Mitglieder der Sektion Homberg):</b><br />
<a href="mailto:weidhuesli@sac-homberg.ch?subject=Reservation für das Weidhüsli">Annelies und Hugo Forrer</a>, Zetzwil (062 773 30 22)</p>
<p>Ohne Regeln geht es nicht:<br />
<a href="https://sac-homberg.ch/wordpress/wp-content/uploads/2016/01/huettenreglement_weidhuesli_gen_20160123.pdf" rel="">Hüttenreglement für das Clubheim Weidhüsli</a><br />
<a href="https://sac-homberg.ch/wordpress/wp-content/uploads/2016/01/infos_weidhuesli.pdf" rel="">Infos zum Weidhüslibesuch</a></p>

<p>Einsam steht das Kleinod der Sektion Homberg oberhalb Hasliberg-Reuti. Über das Tal hinweg sieht man die wilden Zacken der Engelhörner, das Wetterhorn und den Eiger. An schönen Tagen kann man mit dem Feldstecher die Seilschaften auf dem Kleinen und dem Grossen Simelistock beobachten. Das Weidhüsli dient im Sommer als Ausgangspunkt für Klettereien an Susten, Grimsel &hellip; <a href="https://sac-homberg.ch/wordpress/weidhuesli/" class="more-link"><span class="screen-reader-text">Weidhüsli</span> weiterlesen <span class="meta-nav">&rarr;</span></a></p>
